Is 60911 a multiple of 76?
False
Does 162 divide 740174?
False
Is 32270 a multiple of 35?
True
Is 92 a factor of 126592?
True
Does 529 divide 376565?
False
Does 23 divide 21045828?
True
Does 304 divide 42927?
False
Is 30635 a multiple of 6?
False
Does 243 divide 1511558?
False
Is 677776 a multiple of 7?
False
Is 12 a factor of 6439483?
False
Is 1088874 a multiple of 5?
False
Is 572580 a multiple of 60?
True
Is 39 a factor of 1434986?
False
Does 10 divide 1940764?
False
Is 316 a factor of 18637?
False
Does 70 divide 5140281?
False
Is 4 a factor of 64740?
True
Does 100 divide 4073756?
False
Is 76302 a multiple of 157?
True
Is 2365356 a multiple of 971?
True
Does 19 divide 122360?
True
Is 1804561 a multiple of 347?
False
Is 13609740 a multiple of 60?
True
Does 12 divide 176539?
False
Is 26 a factor of 2818270?
True
Is 564932 a multiple of 812?
False
Is 83908 a multiple of 83?
False
Is 33204 a multiple of 25?
False
Does 483 divide 151112?
False
Is 47 a factor of 2276?
False
Is 6248696 a multiple of 684?
False
Is 565025 a multiple of 1165?
True
Is 76 a factor of 3904473?
False
Is 22 a factor of 609180?
True
Is 357 a multiple of 7?
True
Is 57 a factor of 12874832?
False
Is 1873470 a multiple of 634?
True
Does 4 divide 36882?
False
Is 110904 a multiple of 33?
False
Is 115 a factor of 411010?
True
Is 5 a factor of 776595?
True
Is 29 a factor of 14245235?
True
Is 527 a factor of 452450?
False
Does 204 divide 123420?
True
Does 319 divide 723066?
False
Is 15 a factor of 79702?
False
Is 550193 a multiple of 371?
True
Is 836 a factor of 8045664?
True
Is 9 a factor of 743349?
False
Is 5056031 a multiple of 1209?
False
Does 58 divide 54249?
False
Is 184 a factor of 70895?
False
Does 212 divide 181472?
True
Does 10 divide 23070?
True
Is 206607 a multiple of 207?
False
Does 40 divide 707240?
True
Is 8751246 a multiple of 601?
False
Is 5 a factor of 564406?
False
Is 89 a factor of 1795842?
True
Is 32 a factor of 21552?
False
Does 134 divide 796898?
True
Is 4 a factor of 3272?
True
Does 86 divide 51661?
False
Is 79885 a multiple of 8?
False
Is 1697287 a multiple of 593?
False
Does 20 divide 1924033?
False
Is 1899354 a multiple of 33?
False
Is 93132 a multiple of 10?
False
Is 97 a factor of 1508544?
True
Does 10 divide 28060?
True
Is 26 a factor of 4243264?
False
Does 92 divide 25171?
False
Is 5 a factor of 136133?
False
Does 28 divide 87472?
True
Is 154063 a multiple of 301?
False
Does 47 divide 12229066?
False
Is 158 a factor of 120729?
False
Is 5 a factor of 39224?
False
Is 337238 a multiple of 11?
True
Is 694388 a multiple of 268?
True
Does 24 divide 75216?
True
Does 28 divide 2482116?
True
Is 2 a factor of 315526?
True
Does 539 divide 670482?
False
Is 1605301 a multiple of 14?
False
Does 50 divide 7689082?
False
Is 52 a factor of 3005080?
True
Is 5864022 a multiple of 51?
False
Is 11 a factor of 88870?
False
Is 17 a factor of 322472?
False
Is 29 a factor of 577796?
True
Is 5 a factor of 94261?
False
Does 6 divide 1334405?
False
Is 160593 a multiple of 59?
False
Does 3 divide 3513255?
True
Is 18 a factor of 577630?
False
Is 112 a factor of 189865?
False
Does 401 divide 856937?
True
Is 86 a factor of 578453?
False
Does 455 divide 15975481?
False
Does 187 divide 138006?
True
Does 8 divide 2607992?
True
Is 174 a factor of 40680?
False
Is 35 a factor of 83825?
True
Is 9 a factor of 3941950?
False
Does 4 divide 34733?
False
Is 11565278 a multiple of 144?
False
Does 139 divide 256733?
True
Is 340 a factor of 27549?
False
Is 18952 a multiple of 69?
False
Does 68 divide 214541?
False
Is 11 a factor of 636603?
True
Is 17 a factor of 5405403?
False
Is 954787 a multiple of 131?
False
Is 11 a factor of 569723?
True
Does 5 divide 21900?
True
Is 918438 a multiple of 13?
False
Does 4 divide 163362?
False
Does 509 divide 1965758?
True
Is 4 a factor of 44764?
True
Is 67 a factor of 102711?
True
Is 294 a factor of 691782?
True
Is 1168512 a multiple of 179?
True
Is 2 a factor of 446870?
True
Is 65 a factor of 28210?
True
Does 26 divide 485601?
False
Does 12 divide 1492752?
True
Is 22 a factor of 5852?
True
Does 12 divide 1609835?
False
Is 809720 a multiple of 620?
True
Does 280 divide 6768133?
False
Does 128 divide 222976?
True
Is 863150 a multiple of 26?
False
Is 12981570 a multiple of 42?
True
Is 32 a factor of 1531520?
True
Does 12 divide 112464?
True
Is 1461337 a multiple of 67?
True
Is 15 a factor of 254359?
False
Does 19 divide 19918?
False
Does 37 divide 867350?
False
Does 183 divide 126748?
False
Does 24 divide 9128544?
True
Is 72126 a multiple of 7?
False
Does 4 divide 301163?
False
Is 243 a factor of 2255026?
False
Is 15 a factor of 677476?
False
Is 23 a factor of 7146889?
False
Is 2218243 a multiple of 12?
False
Is 13 a factor of 2422381?
True
Is 35281410 a multiple of 30?
True
Is 2455825 a multiple of 575?
True
Is 41210 a multiple of 8?
False
Is 808 a factor of 5333393?
False
Is 93 a factor of 6988960?
False
Does 14 divide 4375737?
False
Does 198 divide 15491?
False
Is 6141200 a multiple of 52?
True
Is 9 a factor of 4339764?
True
Is 396 a factor of 2976336?
True
Does 63 divide 369810?
True
Does 293 divide 393215?
False
Is 994704 a multiple of 318?
True
Is 10780 a multiple of 35?
True
Does 17 divide 118376?
False
Is 186224 a multiple of 8?
True
Does 6 divide 82517?
False
Does 5 divide 7140?
True
Is 14 a factor of 53?
False
Is 617 a factor of 4038265?
True
Does 440 divide 1780891?
False
Is 374016 a multiple of 487?
True
Is 218 a factor of 1895510?
True
Is 731 a factor of 7416629?
False
Is 648 a multiple of 13?
False
Is 97265 a multiple of 24?
False
Is 124801 a multiple of 20?
False
Does 1319 divide 37088046?
False
Is 7 a factor of 68348?
True
Is 10076 even?
True
Is 246 a factor of 5568894?
False
Is 427081 a multiple of 524?
False
Is 4656910 a multiple of 317?
False
Is 449939 a multiple of 19?
True
Is 23744 a multiple of 84?
False
Is 516511 a multiple of 2?
False
Is 56 a factor of 240072?
True
Is 395606 a multiple of 548?
False
Does 928 divide 10589408?
True
Is 8 a factor of 4947793?
False
Is 1043606 a multiple of 211?
True
Is 50 a factor of 2781050?
True
Does 54 divide 615299?
False
Does 7 divide 301578?
False
Is 2803951 a multiple of 3?
False
Does 52 divide 7704944?
True
Is 48 a factor of 1865615?
False
Is 9392044 a multiple of 488?
False
Is 668 a factor of 567653?
False
Is 12217317 a multiple of 31?
True
Does 71 divide 59682?
False
Is 48824 a multiple of 2?
True
Does 22 divide 278432?
True
Does 107 divide 3014036?
False
Is 190520 a multiple of 55?
True
Does 2 divide 360007?
False
Is 261 a factor of 6001434?
True
Does 171 divide 112176?
True
Is 399089 a multiple of 221?
False
Is 69 a factor of 507081?
True
Does 37 divide 1693194?
True
Is 354084 a multiple of 3?
True
Does 18 divide 23815172?
False
Does 1032 divide 1101585?
False
Is 17550170 a multiple of 1549?
True
Is 1177 a factor of 1382975?
True
Does 485 divide 545110?
False
Is 99 a factor of 73161?
True
Does 159 divide 654603?
True
Is 121479 a multiple of 2?
False
Is 1364 a factor of 1943398?
False
Is 89911 a multiple of 47?
True
Does 5 divide 171125?
True
Does 330 divide 144959?
False
Is 619 even?
False
Is 37545 a multiple of 5?
True
Is 2826021 a multiple of 442?
False
Is 27 a factor of 11516626?
False
Does 1119 divide 1474842?
True
Is 5 a factor of 11653?
False
Is 477284 a multiple of 11?
False
Is 32 a factor of 1592320?
True
Does 6 divide 967577?
False
Does 523 divide 680679?
False
Is 198 a factor of 3449358?
True
Is 6 a factor of 72648?
True
Does 599 divide 138124?
False
Does 55 divide 738251?
False
Is 300478 a multiple of 222?
False
Does 19 divide 18107?
True
Is 747 a factor of 2105793?
True
Does 97 divide 2590390?
False
Does 82 divide 164506?
False
Is 707176 a multiple of 18?
False
Is 14888103 a multiple of 237?
True
Is 100521 a multiple of 153?
True
Does 163 divide 3254025?
False
Is 99245 a multiple of 60?
False
Is 43 a factor of 1792326?
True
Is 135 a factor of 59884?
False
Is 2325080 a multiple of 104?
False
Is 11 a factor of 16482?
False
Is 1851011 even?
False
Is 341652 a multiple of 401?
True
Is 221103 a multiple of 513?
True
Is 466743 a multiple of 210?
False
Is 14 a factor of 11544615?
False
Is 5 a factor of 256437?
False
Is 53958 a multiple of 5?
False
Is 19 a factor of 125565?
False
Does 44 div